{"id":7,"date":"2022-03-05T20:04:41","date_gmt":"2022-03-05T20:04:41","guid":{"rendered":"https:\/\/doszetas.com.ar\/wpinter\/mexico\/?page_id=7"},"modified":"2022-09-30T13:53:34","modified_gmt":"2022-09-30T13:53:34","slug":"home","status":"publish","type":"page","link":"https:\/\/wpginternational.com\/mexico\/","title":{"rendered":"Home"},"content":{"rendered":"\n<div class=\"wp-block-cover alignfull is-light\" style=\"min-height:800px\"><span aria-hidden=\"true\" class=\"has-white-background-color has-background-dim-0 wp-block-cover__gradient-background has-background-dim\"><\/span><img decoding=\"async\" width=\"2287\" height=\"852\" class=\"wp-block-cover__image-background wp-image-1014\" alt=\"\" src=\"https:\/\/wpginternational.com\/mexico\/wp-content\/uploads\/sites\/7\/2022\/05\/mexico_home.jpg\" data-object-fit=\"cover\" srcset=\"https:\/\/wpginternational.com\/mexico\/wp-content\/uploads\/sites\/7\/2022\/05\/mexico_home.jpg 2287w, https:\/\/wpginternational.com\/mexico\/wp-content\/uploads\/sites\/7\/2022\/05\/mexico_home-300x112.jpg 300w, https:\/\/wpginternational.com\/mexico\/wp-content\/uploads\/sites\/7\/2022\/05\/mexico_home-1024x381.jpg 1024w, https:\/\/wpginternational.com\/mexico\/wp-content\/uploads\/sites\/7\/2022\/05\/mexico_home-768x286.jpg 768w, https:\/\/wpginternational.com\/mexico\/wp-content\/uploads\/sites\/7\/2022\/05\/mexico_home-1536x572.jpg 1536w, https:\/\/wpginternational.com\/mexico\/wp-content\/uploads\/sites\/7\/2022\/05\/mexico_home-2048x763.jpg 2048w\" sizes=\"(max-width: 2287px) 100vw, 2287px\" \/><div class=\"wp-block-cover__inner-container is-layout-flow wp-block-cover-is-layout-flow\">\n<div class=\"wp-block-group is-layout-flow wp-block-group-is-layout-flow\">\n<div class=\"wp-block-columns is-layout-flex wp-container-core-columns-layout-2 wp-block-columns-is-layout-flex\">\n<div class=\"wp-block-column is-layout-flow wp-block-column-is-layout-flow\" style=\"flex-basis:100%\">\n<div class=\"wp-block-columns is-layout-flex wp-container-core-columns-layout-1 wp-block-columns-is-layout-flex\">\n<div class=\"wp-block-column is-layout-flow wp-block-column-is-layout-flow\" style=\"flex-basis:25%\"><\/div>\n\n\n\n<div class=\"wp-block-column background-color: rgba (3, 30, 70, .5); has-background is-layout-flow wp-block-column-is-layout-flow\" style=\"background:linear-gradient(135deg,rgba(255,255,255,0.32) 27%,rgba(255,255,255,0.83) 100%);padding-top:30px;padding-right:30px;padding-bottom:30px;padding-left:30px;flex-basis:90%\">\n<h2 class=\"has-text-align-center animated slideInLeft delay-200ms slow has-foreground-color has-text-color wp-block-heading\" style=\"font-size:3.5rem\">The Partner You Need<\/h2>\n\n\n\n<p class=\"has-text-align-center animated slideInUp delay-100ms fast has-foreground-color has-text-color has-medium-font-size\" style=\"font-style:normal;font-weight:400\">As a leading lobbying firm, at&nbsp;<strong>WP Group Mexico,&nbsp;<\/strong>we pride ourselves on understanding our clients\u2019 core business better than anyone else and working as zealous advocates for their benefit.<\/p>\n<\/div>\n\n\n\n<div class=\"wp-block-column is-layout-flow wp-block-column-is-layout-flow\" style=\"flex-basis:25%\"><\/div>\n<\/div>\n<\/div>\n<\/div>\n<\/div>\n<\/div><\/div>\n\n\n\n<div class=\"wp-block-cover alignfull is-light has-parallax\" style=\"background-image:url(https:\/\/wpginternational.com\/mexico\/wp-content\/uploads\/sites\/7\/2022\/05\/mexico_about.jpg);min-height:800px\" id=\"about-us\"><span aria-hidden=\"true\" class=\"has-background-dim-0 wp-block-cover__gradient-background has-background-dim\" style=\"background-color:#e7e7e7\"><\/span><div class=\"wp-block-cover__inner-container is-layout-flow wp-block-cover-is-layout-flow\">\n<div class=\"wp-block-columns is-layout-flex wp-container-core-columns-layout-4 wp-block-columns-is-layout-flex\">\n<div class=\"wp-block-column has-background is-layout-flow wp-block-column-is-layout-flow\" style=\"background:linear-gradient(135deg,rgba(255,255,255,0.84) 0%,rgba(232,232,232,0.85) 100%);padding-right:20px;padding-left:20px;flex-basis:100%\">\n<h2 class=\"has-text-align-center animated slideInLeft has-foreground-color has-text-color wp-block-heading\" style=\"font-size:2.8rem;margin-bottom:1px\">About Us<\/h2>\n\n\n\n<p class=\"has-text-align-center animated slideInRight has-foreground-color has-text-color\" style=\"font-size:2.2rem;font-style:normal;font-weight:700\">Focusing on Results<\/p>\n\n\n\n<div class=\"wp-block-columns is-layout-flex wp-container-core-columns-layout-3 wp-block-columns-is-layout-flex\" style=\"padding-top:0px;padding-right:0px;padding-left:0px\">\n<div class=\"wp-block-column is-layout-flow wp-block-column-is-layout-flow\" style=\"flex-basis:25%\"><\/div>\n\n\n\n<div class=\"wp-block-column is-layout-flow wp-block-column-is-layout-flow\" style=\"padding-right:20px;padding-left:20px;flex-basis:90%\">\n<hr class=\"wp-block-separator is-style-wide\"\/>\n\n\n\n<p class=\"has-normal-font-size\" style=\"font-style:normal;font-weight:400\">Consultores Legislativos, affiliated to&nbsp;<strong>WP Group Mexico<\/strong>, was co-founded nearly two decades ago by a former political party leader that governed Mexico uninterruptedly for more than 70 years and held the most relevant positions as a Senator and Representative for more than 24 years. Since our beginnings, the firm has had members of Mexico\u00b4s main political parties. Therefore, we have strong relationships with the stakeholders and principals in the main political parties that have governed Mexico at the federal and state levels. We have represented Fortune 500 companies with their issues before the Federal Mexican Congress and the Executive branch.<br><br>To better serve our clients, our firm is affiliated to Washington, D.C.-based WP Group, which provides public affairs consulting services in the United States, Latin America, and the Caribbean.<\/p>\n<\/div>\n\n\n\n<div class=\"wp-block-column is-layout-flow wp-block-column-is-layout-flow\" style=\"flex-basis:25%\"><\/div>\n<\/div>\n\n\n\n<div style=\"height:20px\" aria-hidden=\"true\" class=\"wp-block-spacer\"><\/div>\n\n\n\n<div style=\"height:65px\" aria-hidden=\"true\" class=\"wp-block-spacer\"><\/div>\n<\/div>\n<\/div>\n\n\n\n<div style=\"height:66px\" aria-hidden=\"true\" class=\"wp-block-spacer\"><\/div>\n<\/div><\/div>\n\n\n\n<div class=\"wp-block-cover alignfull is-light has-parallax\" style=\"background-image:url(https:\/\/wpginternational.com\/mexico\/wp-content\/uploads\/sites\/7\/2022\/04\/leadership_web.jpg);min-height:800px\" id=\"leadership\"><span aria-hidden=\"true\" class=\"has-background-dim-0 wp-block-cover__gradient-background has-background-dim\" style=\"background-color:#e7e7e7\"><\/span><div class=\"wp-block-cover__inner-container is-layout-flow wp-block-cover-is-layout-flow\">\n<div class=\"wp-block-columns is-layout-flex wp-container-core-columns-layout-7 wp-block-columns-is-layout-flex\">\n<div class=\"wp-block-column has-background is-layout-flow wp-block-column-is-layout-flow\" style=\"background:linear-gradient(135deg,rgba(255,255,255,0.73) 0%,rgba(232,232,232,0.85) 100%);padding-right:20px;padding-left:20px;flex-basis:100%\">\n<h2 class=\"has-text-align-center animated slideInLeft has-foreground-color has-text-color wp-block-heading\" style=\"font-size:2.8rem;margin-bottom:1px\">Leadership<\/h2>\n\n\n\n<p class=\"has-text-align-center animated slideInRight has-foreground-color has-text-color\" style=\"font-size:2.2rem;font-style:normal;font-weight:700\">Partnering for Success<\/p>\n\n\n\n<div class=\"wp-block-columns is-layout-flex wp-container-core-columns-layout-5 wp-block-columns-is-layout-flex\" style=\"padding-top:0px;padding-right:0px;padding-left:0px\">\n<div class=\"wp-block-column is-layout-flow wp-block-column-is-layout-flow\">\n<hr class=\"wp-block-separator is-style-wide\"\/>\n<\/div>\n<\/div>\n\n\n\n<div class=\"wp-block-columns has-background is-layout-flex wp-container-core-columns-layout-6 wp-block-columns-is-layout-flex\" style=\"background:linear-gradient(135deg,rgba(255,255,255,0.89) 0%,rgba(255,255,255,0.74) 100%);padding-right:1px;padding-left:1px\">\n<div class=\"wp-block-column is-vertically-aligned-top is-layout-flow wp-block-column-is-layout-flow\" style=\"padding-top:5px;padding-right:0px;padding-bottom:20px;padding-left:0px;flex-basis:50%\">\n<div class=\"wp-block-image is-style-default\"><figure class=\"aligncenter size-full is-resized\"><a href=\"https:\/\/wpginternational.com\/mexico\/wp-content\/uploads\/sites\/7\/2022\/05\/ricardo-c.jpg\"><img decoding=\"async\" src=\"https:\/\/wpginternational.com\/mexico\/wp-content\/uploads\/sites\/7\/2022\/05\/ricardo-c.jpg\" alt=\"\" class=\"wp-image-1012\" width=\"350\" height=\"430\" srcset=\"https:\/\/wpginternational.com\/mexico\/wp-content\/uploads\/sites\/7\/2022\/05\/ricardo-c.jpg 700w, https:\/\/wpginternational.com\/mexico\/wp-content\/uploads\/sites\/7\/2022\/05\/ricardo-c-244x300.jpg 244w\" sizes=\"(max-width: 350px) 100vw, 350px\" \/><\/a><\/figure><\/div>\n<\/div>\n\n\n\n<div class=\"wp-block-column is-vertically-aligned-top is-layout-flow wp-block-column-is-layout-flow\" style=\"padding-top:0px;padding-right:10px;padding-bottom:20px;padding-left:10px;flex-basis:100%\">\n<h2 class=\"wp-block-heading\" style=\"font-size:2.5rem;margin-top:0px;margin-right:0px;margin-bottom:0px;margin-left:0px\"><strong><strong><strong>Ricardo Carbajal<\/strong><\/strong><\/strong><\/h2>\n\n\n\n<p class=\"has-normal-font-size\" style=\"font-style:normal;font-weight:700\">Co-Founder of Consultores Legislativos, affiliated to WP Group Mexico<\/p>\n\n\n\n<p class=\"has-normal-font-size\" style=\"font-style:normal;font-weight:400\"><br>Mr. Carbajal began his career in Mexico\u2019s Federal Congress, where he worked for the major political party leader and with whom he later formed one of Mexico\u00b4s leading lobbying firms. He has developed lobbying strategies for Coca-Cola, Nissan, HSBC, and McDonald\u00b4s; and industrial and business chambers, including the National Steel Industrial Chamber-CANACERO, National Restaurant Association-CANIRAC, Passenger Transport Chamber-CANAPAT, and the Comisi\u00f3n Federal de Electricidad, Mexico\u00b4s largest electric energy producer. He ran twice for a seat in Mexico City\u2019s Congress, served as head of communications during the Arne Aus den Ruthen administration, used as a reference for best government practices for Mexico City. He worked as Director of Human Resources of the Municipality of Miguel Hidalgo, responsible for negotiations with 29 union sections with more than seven thousand employees. Mr. Carbajal holds a Master in Business Administration from the Instituto Panamericano de Alta Direcci\u00f3n de Empresas and degree in Public Administration and Political Sciences. He studied marketing and consultancy at the \u00c9cole des Hautes \u00c9tudes Commerciales, France.<\/p>\n<\/div>\n<\/div>\n\n\n\n<div style=\"height:20px\" aria-hidden=\"true\" class=\"wp-block-spacer\"><\/div>\n\n\n\n<div style=\"height:65px\" aria-hidden=\"true\" class=\"wp-block-spacer\"><\/div>\n<\/div>\n<\/div>\n\n\n\n<div style=\"height:66px\" aria-hidden=\"true\" class=\"wp-block-spacer\"><\/div>\n<\/div><\/div>\n\n\n\n<div class=\"wp-block-cover alignfull is-light has-parallax\" style=\"background-image:url(https:\/\/wpginternational.com\/mexico\/wp-content\/uploads\/sites\/7\/2022\/05\/mexico_service.jpg);min-height:800px\" id=\"services\"><span aria-hidden=\"true\" class=\"has-background-dim-0 wp-block-cover__gradient-background has-background-dim\" style=\"background-color:#e7e7e7\"><\/span><div class=\"wp-block-cover__inner-container is-layout-flow wp-block-cover-is-layout-flow\">\n<div class=\"wp-block-columns is-layout-flex wp-container-core-columns-layout-10 wp-block-columns-is-layout-flex\">\n<div class=\"wp-block-column has-background is-layout-flow wp-block-column-is-layout-flow\" style=\"background:linear-gradient(135deg,rgba(255,255,255,0.88) 0%,rgba(232,232,232,0.85) 89%);padding-right:20px;padding-left:20px;flex-basis:100%\">\n<h2 class=\"has-text-align-center animated slideInLeft has-foreground-color has-text-color wp-block-heading\" style=\"font-size:2.8rem;margin-bottom:0px\">Services<\/h2>\n\n\n\n<p class=\"has-text-align-center animated slideInRight has-foreground-color has-text-color\" style=\"font-size:2.2rem;font-style:normal;font-weight:700\">Executing Winning Strategies<\/p>\n\n\n\n<div class=\"wp-block-columns is-layout-flex wp-container-core-columns-layout-8 wp-block-columns-is-layout-flex\" style=\"padding-top:0px;padding-right:0px;padding-left:0px\">\n<div class=\"wp-block-column is-layout-flow wp-block-column-is-layout-flow\" style=\"flex-basis:25%\"><\/div>\n\n\n\n<div class=\"wp-block-column is-layout-flow wp-block-column-is-layout-flow\" style=\"padding-right:20px;padding-left:20px;flex-basis:90%\">\n<hr class=\"wp-block-separator is-style-wide\"\/>\n\n\n\n<p class=\"has-text-align-center animated bounceInRight delay-100ms has-foreground-color has-text-color\" style=\"font-size:1.3rem;font-style:normal;font-weight:400\">As a result of our vast experience and know-how, we work confidently with our clients to define &nbsp;&nbsp;&nbsp;objectives and strategies, plan for success, and respond to all encountered situations accordingly.<\/p>\n<\/div>\n\n\n\n<div class=\"wp-block-column is-layout-flow wp-block-column-is-layout-flow\" style=\"flex-basis:25%\"><\/div>\n<\/div>\n\n\n\n<div class=\"wp-block-columns is-layout-flex wp-container-core-columns-layout-9 wp-block-columns-is-layout-flex\">\n<div class=\"wp-block-column is-layout-flow wp-block-column-is-layout-flow\" style=\"flex-basis:50%\"><\/div>\n\n\n\n<div class=\"wp-block-column is-layout-flow wp-block-column-is-layout-flow\" style=\"padding-right:20px;padding-left:20px;flex-basis:70%\">\n<p class=\"has-normal-font-size\" style=\"font-style:normal;font-weight:700\">Our services in public affairs and government relations include:<\/p>\n\n\n\n<blockquote class=\"wp-block-quote has-normal-font-size\" style=\"font-style:normal;font-weight:400\"><p>Lobbying and Advocacy&nbsp;&nbsp;&nbsp;&nbsp;&nbsp;&nbsp;&nbsp;&nbsp;&nbsp;&nbsp;&nbsp;&nbsp;&nbsp;&nbsp;&nbsp;&nbsp;&nbsp;&nbsp;&nbsp;&nbsp;&nbsp;&nbsp;&nbsp;&nbsp;&nbsp;&nbsp;&nbsp;&nbsp;&nbsp;<br>Crisis Management<br>Coalition Building and Management<br>Strategic Communications<br>Highly Integrated Strategy and Action Plans Crafting<br>Policy and Legislative Proposals Analysis and Writing<br>Legislative and Executive Branch Activity Monitoring<br>Government Agency and Legislative Presentations<\/p><\/blockquote>\n\n\n\n<p><\/p>\n<\/div>\n\n\n\n<div class=\"wp-block-column is-layout-flow wp-block-column-is-layout-flow\" style=\"flex-basis:25%\"><\/div>\n<\/div>\n<\/div>\n<\/div>\n\n\n\n<div style=\"height:66px\" aria-hidden=\"true\" class=\"wp-block-spacer\"><\/div>\n<\/div><\/div>\n\n\n\n<p><\/p>\n","protected":false},"excerpt":{"rendered":"","protected":false},"author":2,"featured_media":0,"parent":0,"menu_order":0,"comment_status":"closed","ping_status":"closed","template":"","meta":{"footnotes":""},"yoast_head":"<!-- This site is optimized with the Yoast SEO Premium plugin v22.1 (Yoast SEO v22.1) - https:\/\/yoast.com\/wordpress\/plugins\/seo\/ -->\n<title>WP Group Mexico \u2013 Lobbying l Public Affairs l Government<\/title>\n<meta name=\"description\" content=\"A leading lobbying firm with nearly two decades of experience. Strong relationships at federal and state levels. Has represented Fortune 500 companies.\" \/>\n<meta name=\"robots\" content=\"index, follow, max-snippet:-1, max-image-preview:large, max-video-preview:-1\" \/>\n<link rel=\"canonical\" href=\"https:\/\/wpginternational.com\/mexico\/\" \/>\n<meta property=\"og:locale\" content=\"es_ES\" \/>\n<meta property=\"og:type\" content=\"article\" \/>\n<meta property=\"og:title\" content=\"Home\" \/>\n<meta property=\"og:description\" content=\"A leading lobbying firm with nearly two decades of experience. Strong relationships at federal and state levels. Has represented Fortune 500 companies.\" \/>\n<meta property=\"og:url\" content=\"https:\/\/wpginternational.com\/mexico\/\" \/>\n<meta property=\"og:site_name\" content=\"WP Group Mexico\" \/>\n<meta property=\"article:modified_time\" content=\"2022-09-30T13:53:34+00:00\" \/>\n<meta property=\"og:image\" content=\"https:\/\/wpginternational.com\/mexico\/wp-content\/uploads\/sites\/7\/2022\/05\/mexico_home.jpg\" \/>\n<meta name=\"twitter:card\" content=\"summary_large_image\" \/>\n<meta name=\"twitter:label1\" content=\"Tiempo de lectura\" \/>\n\t<meta name=\"twitter:data1\" content=\"3 minutos\" \/>\n<script type=\"application\/ld+json\" class=\"yoast-schema-graph\">{\"@context\":\"https:\/\/schema.org\",\"@graph\":[{\"@type\":\"WebPage\",\"@id\":\"https:\/\/wpginternational.com\/mexico\/\",\"url\":\"https:\/\/wpginternational.com\/mexico\/\",\"name\":\"WP Group Mexico \u2013 Lobbying l Public Affairs l Government\",\"isPartOf\":{\"@id\":\"https:\/\/wpginternational.com\/mexico\/#website\"},\"datePublished\":\"2022-03-05T20:04:41+00:00\",\"dateModified\":\"2022-09-30T13:53:34+00:00\",\"description\":\"A leading lobbying firm with nearly two decades of experience. Strong relationships at federal and state levels. Has represented Fortune 500 companies.\",\"breadcrumb\":{\"@id\":\"https:\/\/wpginternational.com\/mexico\/#breadcrumb\"},\"inLanguage\":\"es\",\"potentialAction\":[{\"@type\":\"ReadAction\",\"target\":[\"https:\/\/wpginternational.com\/mexico\/\"]}]},{\"@type\":\"BreadcrumbList\",\"@id\":\"https:\/\/wpginternational.com\/mexico\/#breadcrumb\",\"itemListElement\":[{\"@type\":\"ListItem\",\"position\":1,\"name\":\"Home\",\"item\":\"https:\/\/wpginternational.com\/mexico\/\"},{\"@type\":\"ListItem\",\"position\":2,\"name\":\"Home\"}]},{\"@type\":\"WebSite\",\"@id\":\"https:\/\/wpginternational.com\/mexico\/#website\",\"url\":\"https:\/\/wpginternational.com\/mexico\/\",\"name\":\"WP Group Mexico\",\"description\":\"The Partner You Need\",\"publisher\":{\"@id\":\"https:\/\/wpginternational.com\/mexico\/#organization\"},\"potentialAction\":[{\"@type\":\"SearchAction\",\"target\":{\"@type\":\"EntryPoint\",\"urlTemplate\":\"https:\/\/wpginternational.com\/mexico\/?s={search_term_string}\"},\"query-input\":\"required name=search_term_string\"}],\"inLanguage\":\"es\"},{\"@type\":\"Organization\",\"@id\":\"https:\/\/wpginternational.com\/mexico\/#organization\",\"name\":\"WP Group Mexico\",\"url\":\"https:\/\/wpginternational.com\/mexico\/\",\"logo\":{\"@type\":\"ImageObject\",\"inLanguage\":\"es\",\"@id\":\"https:\/\/wpginternational.com\/mexico\/#\/schema\/logo\/image\/\",\"url\":\"https:\/\/wpginternational.com\/mexico\/wp-content\/uploads\/sites\/7\/2022\/04\/logo_hor_oscuro_chico.png\",\"contentUrl\":\"https:\/\/wpginternational.com\/mexico\/wp-content\/uploads\/sites\/7\/2022\/04\/logo_hor_oscuro_chico.png\",\"width\":600,\"height\":223,\"caption\":\"WP Group Mexico\"},\"image\":{\"@id\":\"https:\/\/wpginternational.com\/mexico\/#\/schema\/logo\/image\/\"}}]}<\/script>\n<!-- \/ Yoast SEO Premium plugin. -->","yoast_head_json":{"title":"WP Group Mexico \u2013 Lobbying l Public Affairs l Government","description":"A leading lobbying firm with nearly two decades of experience. Strong relationships at federal and state levels. Has represented Fortune 500 companies.","robots":{"index":"index","follow":"follow","max-snippet":"max-snippet:-1","max-image-preview":"max-image-preview:large","max-video-preview":"max-video-preview:-1"},"canonical":"https:\/\/wpginternational.com\/mexico\/","og_locale":"es_ES","og_type":"article","og_title":"Home","og_description":"A leading lobbying firm with nearly two decades of experience. Strong relationships at federal and state levels. Has represented Fortune 500 companies.","og_url":"https:\/\/wpginternational.com\/mexico\/","og_site_name":"WP Group Mexico","article_modified_time":"2022-09-30T13:53:34+00:00","og_image":[{"url":"https:\/\/wpginternational.com\/mexico\/wp-content\/uploads\/sites\/7\/2022\/05\/mexico_home.jpg"}],"twitter_card":"summary_large_image","twitter_misc":{"Tiempo de lectura":"3 minutos"},"schema":{"@context":"https:\/\/schema.org","@graph":[{"@type":"WebPage","@id":"https:\/\/wpginternational.com\/mexico\/","url":"https:\/\/wpginternational.com\/mexico\/","name":"WP Group Mexico \u2013 Lobbying l Public Affairs l Government","isPartOf":{"@id":"https:\/\/wpginternational.com\/mexico\/#website"},"datePublished":"2022-03-05T20:04:41+00:00","dateModified":"2022-09-30T13:53:34+00:00","description":"A leading lobbying firm with nearly two decades of experience. Strong relationships at federal and state levels. Has represented Fortune 500 companies.","breadcrumb":{"@id":"https:\/\/wpginternational.com\/mexico\/#breadcrumb"},"inLanguage":"es","potentialAction":[{"@type":"ReadAction","target":["https:\/\/wpginternational.com\/mexico\/"]}]},{"@type":"BreadcrumbList","@id":"https:\/\/wpginternational.com\/mexico\/#breadcrumb","itemListElement":[{"@type":"ListItem","position":1,"name":"Home","item":"https:\/\/wpginternational.com\/mexico\/"},{"@type":"ListItem","position":2,"name":"Home"}]},{"@type":"WebSite","@id":"https:\/\/wpginternational.com\/mexico\/#website","url":"https:\/\/wpginternational.com\/mexico\/","name":"WP Group Mexico","description":"The Partner You Need","publisher":{"@id":"https:\/\/wpginternational.com\/mexico\/#organization"},"potentialAction":[{"@type":"SearchAction","target":{"@type":"EntryPoint","urlTemplate":"https:\/\/wpginternational.com\/mexico\/?s={search_term_string}"},"query-input":"required name=search_term_string"}],"inLanguage":"es"},{"@type":"Organization","@id":"https:\/\/wpginternational.com\/mexico\/#organization","name":"WP Group Mexico","url":"https:\/\/wpginternational.com\/mexico\/","logo":{"@type":"ImageObject","inLanguage":"es","@id":"https:\/\/wpginternational.com\/mexico\/#\/schema\/logo\/image\/","url":"https:\/\/wpginternational.com\/mexico\/wp-content\/uploads\/sites\/7\/2022\/04\/logo_hor_oscuro_chico.png","contentUrl":"https:\/\/wpginternational.com\/mexico\/wp-content\/uploads\/sites\/7\/2022\/04\/logo_hor_oscuro_chico.png","width":600,"height":223,"caption":"WP Group Mexico"},"image":{"@id":"https:\/\/wpginternational.com\/mexico\/#\/schema\/logo\/image\/"}}]}},"_links":{"self":[{"href":"https:\/\/wpginternational.com\/mexico\/wp-json\/wp\/v2\/pages\/7"}],"collection":[{"href":"https:\/\/wpginternational.com\/mexico\/wp-json\/wp\/v2\/pages"}],"about":[{"href":"https:\/\/wpginternational.com\/mexico\/wp-json\/wp\/v2\/types\/page"}],"author":[{"embeddable":true,"href":"https:\/\/wpginternational.com\/mexico\/wp-json\/wp\/v2\/users\/2"}],"replies":[{"embeddable":true,"href":"https:\/\/wpginternational.com\/mexico\/wp-json\/wp\/v2\/comments?post=7"}],"version-history":[{"count":5,"href":"https:\/\/wpginternational.com\/mexico\/wp-json\/wp\/v2\/pages\/7\/revisions"}],"predecessor-version":[{"id":1063,"href":"https:\/\/wpginternational.com\/mexico\/wp-json\/wp\/v2\/pages\/7\/revisions\/1063"}],"wp:attachment":[{"href":"https:\/\/wpginternational.com\/mexico\/wp-json\/wp\/v2\/media?parent=7"}],"curies":[{"name":"wp","href":"https:\/\/api.w.org\/{rel}","templated":true}]}}